53. Determine q(-45).
243
Let d(h) = -h**3 + 135*h**2 - 675*h + 54354. Determine d(133).
-43
Let z(w) = -44*w**3 + 1392*w**2 - 17*w + 5. Determine z(0).
5
Let m(v) = -393225*v - 1966127. What is m(-5)?
-2
Let j(g) = -284*g**2 - 6494*g + 899. Calculate j(-23).
25
Let x(z) = -z**2 + 147240*z - 736217. Give x(5).
-42
Let u(b) = -10242*b + 10240. Give u(1).
-2
Let d(j) = -134791*j + 4178502. Calculate d(31).
-19
Let g(b) = b**3 - 2*b**2 - 77*b - 221. Calculate g(-5).
-11
Let h(m) = m**3 - 29*m**2 - 337*m - 178. Determine h(37).
-1695
Let x(t) = t**3 + 20*t**2 + 101*t + 2503. What is x(-21)?
-59
Let k(r) = -95*r**2 - 4291*r + 8175. What is k(-47)?
-3
Let m(c) = 3823*c - 737774. What is m(193)?
65
Let z(k) = k**3 - 455*k**2 + 612*k + 133187. What is z(453)?
5
Let l(s) = s**2 - 365*s + 32001. Calculate l(146).
27
Let a(o) = o**3 + 12714*o - 102227. Give a(8).
-3
Let h(q) = -3*q**3 + q**2 - 38983*q - 77977. Calculate h(-2).
17
Let l(n) = 7*n**2 + 994*n - 27883. Calculate l(24).
5
Let h(q) = 7103*q - 7287680. Determine h(1026).
-2
Let u(n) = n**2 + 4109*n + 451553. Calculate u(-113).
5
Let f(y) = -y**3 + 179*y**2 + 2318*y + 338. Give f(-12).
26
Let u(g) = 160*g**2 + 1946*g - 10358. Give u(4).
-14
Let t(z) = -54243*z + 3308803. Give t(61).
-20
Let d(j) = j**3 + 280*j**2 - 1176*j - 11342. Give d(-284).
18
Let j(u) = 158*u**2 - 156*u + 8. Give j(2).
328
Let g(r) = 65220*r + 521320. Calculate g(-8).
-440
Let o(a) = 1107*a - 37665. What is o(34)?
-27
Let w(l) = 24*l**2 + 1894*l - 60. Calculate w(-79).
98
Let t(u) = -u**3 + 2*u**2 - 137*u + 267. Calculate t(2).
-7
Let k(b) = -7*b**3 + 10*b**2 + 115*b - 340. Give k(3).
-94
Let b(s) = -34357*s + 171797. Give b(5).
12
Let t(m) = -20*m**2 + 5440*m - 42238. What is t(264)?
2
Let s(b) = -b**2 - 14*b + 5552. Determine s(68).
-24
Let t(v) = 4*v**2 - 1213*v + 27832. Determine t(25).
7
Let k(y) = 6*y**3 + 8*y**2 - 32*y - 223. Calculate k(-6).
-1039
Let d(m) = -804*m - 33069. Give d(-41).
-105
Let i(g) = 12*g**2 + 355*g + 1167. Calculate i(-6).
-531
Let i(f) = -2*f**3 + 195*f**2 - 435*f - 37402. Calculate i(93).
-16
Let p(k) = -3*k + 426. What is p(-124)?
798
Let g(k) = -285*k**2 - 2588*k - 5. Determine g(-9).
202
Let y(w) = -84*w**2 - 35005*w + 9565. Give y(-417).
-26
Let a(l) = -4364*l + 37939. Give a(9).
-1337
Let q(l) = 152*l**2 - 2234*l + 6221. Determine q(11).
39
Let v(y) = 11358*y + 11593. Give v(-1).
235
Let q(t) = 4*t**2 - 183*t - 3254. Determine q(-16).
698
Let l(f) = f**2 - 81*f - 1175. Determine l(91).
-265
Let h(m) = 32129*m**2 + 257036*m + 49. What is h(-8)?
17
Let y(v) = 2721*v - 29899. Determine y(11).
32
Let o(j) = -255*j + 49431. Give o(207).
-3354
Let l(i) = -i**2 - 7*i + 626. What is l(-33)?
-232
Let g(m) = m**2 + 22*m + 362. Determine g(-7).
257
Let c(z) = -z**3 - 415*z**2 + 8696*z - 3. Give c(20).
-83
Let u(v) = -48*v**3 - 738*v**2 + 104*v + 26. Determine u(-16).
6042
Let k(c) = 136*c**3 + 7885*c**2 - 176*c + 153. Calculate k(-58).
269
Let q(k) = -23*k**2 - 687*k - 2376. Give q(-4).
4
Let f(a) = a**3 - 334*a**2 - 1349*a - 19. Give f(-4).
-31
Let i(c) = 73*c - 9017. What is i(113)?
-768
Let c(f) = -f**3 - 29*f**2 + 43*f + 352. What is c(-30)?
-38
Let w(m) = -98862*m + 3756771. Determine w(38).
15
Let d(j) = -17646*j + 317630. Calculate d(18).
2
Let r(l) = 6*l**3 + 12*l**2 - 2123*l - 4296. Give r(-2).
-50
Let f(b) = 725*b**3 - 40*b**2 + 16*b + 24. Give f(1).
725
Let d(o) = -3978*o + 3071002. Determine d(772).
-14
Let x(g) = 13*g**2 - 666*g + 2007. Give x(48).
-9
Let x(j) = -3*j**3 + 5*j**2 + 102*j + 1099. Calculate x(-11).
4575
Let p(f) = -f**3 + 39*f**2 + 1631*f - 63632. Give p(39).
-23
Let i(n) = -3321*n - 1015. Give i(0).
-1015
Let k(a) = 2*a**3 - 826*a - 1962. Give k(-19).
14
Let g(n) = -37498*n - 1087421. What is g(-29)?
21
Let k(a) = 4786*a - 33316. Determine k(7).
186
Let q(v) = v**2 + 674014*v - 1348032. Calculate q(2).
0
Let m(b) = 2*b**3 + 99*b**2 + 914*b + 6177. Give m(-40).
17
Let z(w) = -w**3 - 23*w**2 + 281*w + 6272. What is z(-16)?
-16
Let d(y) = 8*y**3 - 130*y**2 + 5*y + 3. Calculate d(12).
-4833
Let m(f) = -9744*f - 467925. Give m(-48).
-213
Let z(f) = f**3 + 64*f**2 + 54*f - 3811. What is z(-62)?
529
Let p(y) = y**2 + 36389*y + 40388483. Calculate p(-1146).
5
Let q(k) = -13*k**2 - 3944*k - 11. Determine q(0).
-11
Let f(i) = -125*i**2 + 25*i + 8199. Determine f(-8).
-1
Let h(w) = 10*w**3 - 5*w**2 - 595*w - 590. Determine h(-1).
-10
Let i(c) = -120*c**2 - 15955*c + 660. Calculate i(-133).
-5
Let k(n) = -92880*n - 278480. What is k(-3)?
160
Let z(j) = 10*j**2 + 619*j + 3560. Give z(-56).
256
Let z(n) = 143237*n - 8021271. What is z(56)?
1
Let j(k) = k**3 - 81*k**2 - 34*k - 18146. Give j(84).
166
Let n(f) = f**3 - 153*f**2 + 757*f - 693. Determine n(148).
1823
Let d(g) = -4*g**3 - 116*g**2 + 9358*g - 130. Determine d(-65).
0
Let n(j) = 2*j**2 + 2284*j + 453627. What is n(-886)?
-5
Let d(k) = k**2 + 1735*k - 12242. What is d(7)?
-48
Let o(d) = 33504*d + 201479. Give o(-6).
455
Let o(q) = -q**2 + 23*q + 93. What is o(15)?
213
Let o(z) = -2*z**3 - 56*z**2 - 376*z + 35. Give o(-16).
-93
Let p(z) = -1319649*z + 2639290. What is p(2)?
-8
Let t(s) = 194*s**3 + 1743*s**2 - 28*s - 81. Calculate t(-9).
-72
Let c(l) = l**3 - 22*l**2 + 40*l - 26. Give c(18).
-602
Let z(h) = 132256*h - 264572. Give z(2).
-60
Let d(u) = -u**3 + 69*u**2 + 297*u - 212. Determine d(-5).
153
Let n(x) = -6*x**2 - 53*x + 1303. Give n(11).
-6
Let x(y) = -y**3 - 100*y**2 - 2121*y + 38. Determine x(-70).
1508
Let i(v) = -4*v**2 - 591*v - 1447. Calculate i(-148).
-1595
Let m(t) = -22*t**3 + 5876*t**2 - 539*t + 1355. Determine m(267).
20
Let o(d) = d**3 - d**2 - 22*d - 95. What is o(8)?
177
Let q(h) = -12*h**3 + 53*h**2 + 81*h - 584. Calculate q(5).
-354
Let q(d) = -d**2 + 46*d + 159. What is q(-12)?
-537
Let v(d) = 55*d**2 - 231*d + 55. Calculate v(4).
11
Let k(c) = -229*c**2 + 27445*c + 4188. Calculate k(120).
-12
Let b(w) = -96438*w + 1253700. What is b(13)?
6
Let x(g) = -4217*g - 101197. Calculate x(-24).
11
Let f(x) = -2477*x - 2865899. Determine f(-1157).
-10
Let m(u) = -5551*u + 116625. Give m(21).
54
Let p(n) = 1491*n - 39742. Give p(27).
515
Let k(h) = -3*h**3 + 156*h**2 + 416*h - 224. What is k(-3)?
13
Let l(f) = 4*f**2 - 242619*f + 970453. Give l(4).
41
Let v(x) = -5*x**3 - 21*x**2 + 199*x - 23. Calculate v(-10).
887
Let z(n) = -2554*n - 18077. What is z(-7)?
-199
Let c(u) = 11*u**3 + 29*u**2 - 57*u + 15. What is c(4)?
955
Let l(a) = 2*a**2 + 608*a - 48323. Determine l(-369).
-353
Let c(r) = r**3 - 29*r**2 + 1642*r - 45187. Calculate c(28).
5
Let i(s) = -s**3 + 40*s**2 + 1225. Calculate i(40).
1225
Let z(n) = 199*n**3 - 16*n**2 + 12*n - 4. Determine z(1).
191
Let a(d) = 5682*d + 261359. Calculate a(-46).
-13
Let c(q) = -4*q**2 - 1045*q - 18408. Give c(-19).
3
Let l(v) = -v**3 - 51*v**2 - 32*v - 1093. Determine l(-51).
539
Let z(p) = 6*p**2 - 37*p - 53. Give z(0).
-53
Let o(r) = -r**3 - 136*r**2 - 410*r - 797. Calculate o(-133).
666
Let m(w) = 2*w**3 - 47*w**2 - 4712*w + 108907. Determine m(23).
2
Let h(y) = 828*y**3 + y**2 + 1926*y + 1926. Give h(-1).
-827
Let q(i) = -21*i**3 + 10693*i**2 - 12701*i + 511. Determine q(508).
3
Let b(c) = 46061*c + 644851. Determine b(-14).
-3
Let n(c) = -c**3 - 390*c**2 - 886*c - 499302. Determine n(-391).
5
Let s(p) = -p**3 + 35*p**2 + 568*p - 19098. What is s(36)?
54
Let n(b) = -53474*b - 534448. What is n(-10)?
292
Let i(l) = 4396*l + 254. What is i(0)?
254
Let a(c) = c**3 - 651*c**2 - 36555*c + 50. Give a(-52).
-2
Let g(m) = -15*m**2 + 224*m + 399. Give g(16).
143
Let p(t) = -t**3 - 61*t**2 + 477*t + 563. Calculate p(8).
-37
Let c(b) = 4713*b - 164950. Determine c(35).
5
Let b(r) = r**3 + 39*r**2 - 115*r - 5880. What is b(-38)?
-66
Let w(h) = 78951*h - 710582. Calculate w(9).
-23
Let f(b) = -b**3 + 201*b**2 + 568*b + 8876. What is f(204)?
-100
Let f(s) = s**3 - 45*s**2 + 322*s - 17043. Give f(46).
-115
Let r(c) = -c**3 - 103*c**2 - 2113*c - 4690. Determine r(-76).
-54
Let q(u) = 178992*u + 1073958. What is q(-6)?
6
Let p(l) = 3*l**3 + 548*l**2 + 6929*l + 156. Give p(-169).
156
Let h(p) = -6914*p - 449307. Calculate h(-65).
103
Let s(n) = -n**2 - 390*n + 15457. Determine s(36).
121
Let v(g) = 637*g + 35128. Determine v(-55).
93
Let j(w) = 5249*w + 28958. Determine j(-5).
2713
